{"id":8282,"date":"2023-10-29T13:10:49","date_gmt":"2023-10-29T12:10:49","guid":{"rendered":"http:\/\/www.piotripawellodz.pl\/?page_id=8282"},"modified":"2024-02-13T06:10:13","modified_gmt":"2024-02-13T05:10:13","slug":"synod-parafialny","status":"publish","type":"page","link":"https:\/\/www.piotripawellodz.pl\/?page_id=8282","title":{"rendered":"Synod Parafialny"},"content":{"rendered":"\n<p class=\"has-medium-font-size\">Dokumenty IV Synodu Archidiecezji \u0141\u00f3dzkiej. Pliki do pobrania:<\/p>\n\n\n\n<ul class=\"wp-block-list\">\n<li>Cz\u0142owiek, do kt\u00f3rego jeste\u015bmy pos\u0142ani:\n<ul class=\"wp-block-list\">\n<li><a href=\"https:\/\/www.piotripawellodz.pl\/wp-content\/uploads\/2023\/11\/Synod-Parafialny-Czlowiek-do-ktorego-jestesmy-poslani.pdf\" target=\"_blank\" rel=\"noreferrer noopener\">1 Cz\u0142owiek, do kt\u00f3rego jeste\u015bmy pos\u0142ani &#8211; 1 Kontekst<\/a><\/li>\n\n\n\n<li><a href=\"https:\/\/www.piotripawellodz.pl\/wp-content\/uploads\/2024\/02\/1-Czlowiek-do-ktorego-jestesmy-poslani-2.-Doswiadczenie.pdf\" target=\"_blank\" rel=\"noreferrer noopener\">1 Cz\u0142owiek, do kt\u00f3rego jeste\u015bmy pos\u0142ani &#8211; 2. Do\u015bwiadczenie<\/a><\/li>\n\n\n\n<li><a href=\"https:\/\/www.piotripawellodz.pl\/wp-content\/uploads\/2024\/02\/1-Czlowiek-do-ktorego-jestesmy-poslani-3.-Spotkanie.pdf\" target=\"_blank\" rel=\"noreferrer noopener\">1 Cz\u0142owiek, do kt\u00f3rego jeste\u015bmy pos\u0142ani &#8211; 3. Spotkanie<\/a><\/li>\n\n\n\n<li><a href=\"https:\/\/www.piotripawellodz.pl\/wp-content\/uploads\/2024\/02\/1-Czlowiek-do-ktorego-jestesmy-poslani-4.-Raz-jeszcze-o-indywidualizmie.pdf\" target=\"_blank\" rel=\"noreferrer noopener\">1 Cz\u0142owiek, do kt\u00f3rego jeste\u015bmy pos\u0142ani &#8211; 4. Raz jeszcze o indywidualizmie<\/a><\/li>\n\n\n\n<li><a href=\"https:\/\/www.piotripawellodz.pl\/wp-content\/uploads\/2024\/02\/1-Czlowiek-do-ktorego-jestesmy-poslani-5.-Dwie-kwestie.pdf\" target=\"_blank\" rel=\"noreferrer noopener\">1 Cz\u0142owiek, do kt\u00f3rego jeste\u015bmy pos\u0142ani &#8211; 5. Dwie kwestie<\/a><\/li>\n<\/ul>\n<\/li>\n\n\n\n<li><a href=\"https:\/\/www.piotripawellodz.pl\/wp-content\/uploads\/2023\/10\/Dokumenty-IV-Synodu-Archidiecezji-Lodzkiej.-Paradygmat-pastoralny.docx\" target=\"_blank\" rel=\"noreferrer noopener\">Paradygmat pastoralny<\/a><\/li>\n<\/ul>\n","protected":false},"excerpt":{"rendered":"<p>Dokumenty IV Synodu Archidiecezji \u0141\u00f3dzkiej. Pliki do pobrania:<\/p>\n","protected":false},"author":1,"featured_media":0,"parent":0,"menu_order":0,"comment_status":"closed","ping_status":"closed","template":"","meta":{"footnotes":""},"class_list":["post-8282","page","type-page","status-publish","hentry"],"_links":{"self":[{"href":"https:\/\/www.piotripawellodz.pl\/index.php?rest_route=\/wp\/v2\/pages\/8282","targetHints":{"allow":["GET"]}}],"collection":[{"href":"https:\/\/www.piotripawellodz.pl\/index.php?rest_route=\/wp\/v2\/pages"}],"about":[{"href":"https:\/\/www.piotripawellodz.pl\/index.php?rest_route=\/wp\/v2\/types\/page"}],"author":[{"embeddable":true,"href":"https:\/\/www.piotripawellodz.pl\/index.php?rest_route=\/wp\/v2\/users\/1"}],"replies":[{"embeddable":true,"href":"https:\/\/www.piotripawellodz.pl\/index.php?rest_route=%2Fwp%2Fv2%2Fcomments&post=8282"}],"version-history":[{"count":6,"href":"https:\/\/www.piotripawellodz.pl\/index.php?rest_route=\/wp\/v2\/pages\/8282\/revisions"}],"predecessor-version":[{"id":9156,"href":"https:\/\/www.piotripawellodz.pl\/index.php?rest_route=\/wp\/v2\/pages\/8282\/revisions\/9156"}],"wp:attachment":[{"href":"https:\/\/www.piotripawellodz.pl\/index.php?rest_route=%2Fwp%2Fv2%2Fmedia&parent=8282"}],"curies":[{"name":"wp","href":"https:\/\/api.w.org\/{rel}","templated":true}]}}